e greatest common factor of 21 and 291459.
21
What is the highest common factor of 53 and 55703?
53
What is the highest common divisor of 1677 and 144339?
39
What is the highest common factor of 128702 and 1218?
406
Calculate the highest common divisor of 7 and 108101.
7
What is the greatest common factor of 4382 and 124?
2
Calculate the greatest common divisor of 24984 and 252.
36
Calculate the greatest common divisor of 103582 and 402.
134
Calculate the highest common divisor of 14668 and 722.
38
Calculate the greatest common divisor of 1819287 and 172.
43
Calculate the highest common factor of 667 and 5888.
23
Calculate the highest common divisor of 20280 and 208.
104
What is the highest common divisor of 906 and 78?
6
What is the greatest common divisor of 74578 and 98?
98
Calculate the greatest common divisor of 469 and 234031.
469
Calculate the highest common divisor of 20634 and 6042.
114
What is the greatest common factor of 1525 and 1891?
61
What is the greatest common divisor of 260 and 25025?
65
Calculate the highest common factor of 474 and 4187.
79
Calculate the greatest common factor of 294561 and 115.
23
Calculate the greatest common divisor of 2173 and 460040.
53
What is the greatest common factor of 303132 and 48?
12
What is the greatest common factor of 1133 and 18643?
103
Calculate the greatest common divisor of 2587836 and 84.
12
What is the highest common divisor of 23 and 983756?
23
What is the highest common divisor of 5488 and 1232?
112
Calculate the greatest common factor of 20368 and 1159904.
1072
What is the highest common factor of 129709 and 604?
151
Calculate the highest common divisor of 236827 and 51.
17
What is the highest common divisor of 276498 and 18?
18
Calculate the greatest common divisor of 357 and 42357.
21
What is the greatest common factor of 45999 and 513?
171
Calculate the greatest common factor of 450 and 9575.
25
Calculate the greatest common factor of 218022 and 58.
58
What is the highest common divisor of 224 and 6629?
7
What is the highest common factor of 7363 and 111?
37
Calculate the highest common factor of 22 and 4565583.
11
What is the greatest common factor of 836 and 161612?
44
Calculate the greatest common divisor of 395157 and 1953.
651
What is the greatest common factor of 531 and 4897?
59
What is the highest common divisor of 27755 and 2555?
35
Calculate the highest common divisor of 6771 and 1221.
111
What is the highest common factor of 3796 and 72416?
292
What is the highest common divisor of 8554 and 4498?
26
What is the greatest common divisor of 319 and 4015?
11
Calculate the greatest common divisor of 204 and 5082252.
204
What is the greatest common divisor of 1291844 and 8636?
508
Calculate the highest common divisor of 188 and 27730.
94
Calculate the highest common factor of 511 and 3997.
7
What is the greatest common factor of 13532244 and 264?
132
What is the greatest common divisor of 2205 and 15680?
245
What is the highest common factor of 2664 and 21559752?
2664
Calculate the greatest common divisor of 344 and 43.
43
What is the greatest common factor of 72110 and 30?
10
What is the highest common factor of 845 and 410995?
65
Calculate the highest common factor of 188064 and 20.
4
What is the greatest common divisor of 8685 and 315?
45
What is the greatest common divisor of 14300 and 16700?
100
Calculate the highest common factor of 156 and 14428.
4
Calculate the highest common factor of 1452 and 39336.
132
What is the greatest common divisor of 5370 and 540?
30
Calculate the greatest common factor of 8 and 94904.
8
What is the greatest common factor of 401 and 2205?
1
Calculate the highest common factor of 2130 and 1005.
15
What is the highest common factor of 99 and 187616?
11
Calculate the greatest common divisor of 12580 and 72420.
340
Calculate the highest common factor of 1660 and 39240.
20
What is the greatest common factor of 1128 and 129?
3
Calculate the greatest common factor of 96 and 31456.
32
What is the highest common factor of 145855 and 155?
155
Calculate the greatest common factor of 1952882 and 1046.
1046
What is the highest common factor of 2478 and 8337?
21
What is the highest common divisor of 338422 and 518?
14
What is the highest common divisor of 2546343 and 3?
3
What is the highest common factor of 6475 and 74?
37
Calculate the greatest common factor of 56 and 1015.
7
Calculate the greatest common divisor of 196 and 39053.
49
Calculate the highest common factor of 14946 and 6042.
318
What is the highest common factor of 7452 and 17172?
324
Calculate the greatest common factor of 46 and 36731.
23
Calculate the highest common factor of 299404 and 740.
148
What is the greatest common factor of 14877 and 370386?
513
Calculate the greatest common divisor of 895 and 310.
5
What is the highest common factor of 761 and 2193202?
761
Calculate the highest common divisor of 13959 and 2376.
297
What is the greatest common factor of 1832354 and 2?
2
What is the highest common divisor of 2214156 and 20229?
1839
Calculate the greatest common divisor of 7600 and 1072550.
950
What is the greatest common factor of 18975 and 2145?
165
Calculate the greatest common divisor of 1072 and 762728.
536
Calculate the highest common factor of 1045 and 68134.
209
What is the highest common factor of 15 and 100635?
15
Calculate the highest common factor of 42 and 101577.
21
What is the highest common divisor of 715 and 286495?
55
Calculate the greatest common factor of 9392 and 384.
16
What is the highest common divisor of 4208 and 526?
526
What is the highest common divisor of 10854756 and 22?
22
What is the highest common factor of 8436521 and 151?
151
What is the highest common divisor of 46031 and 3856?
241
What is the greatest common divisor of 144 and 1248264?
72
Calculate the greatest common factor of 5643 and 48312.
99
Calculate the highest common divisor of 11 and 346291.
11
What is the greatest common factor of 10659 and 418?
209
Calculate the greatest common factor of 346668 and 28.
28
Calculate the greatest common divisor of 136812 and 156.
156
Calculate the greatest common factor of 78 and 9427704.
78
Calculate the highest common divisor of 331832 and 96.
8
Calculate the greatest common divisor of 3792 and 5372.
316
What is the highest common divisor of 47931 and 273?
39
What is the greatest common factor of 193 and 461849?
193
Calculate the highest common divisor of 46 and 26519.
23
Calculate the highest common factor of 154 and 12166.
154
What is the greatest common factor of 577254 and 46?
46
Calculate the highest common divisor of 590233 and 7.
7
What is the greatest common divisor of 2690 and 10?
10
What is the highest common factor of 15712 and 96?
32
What is the highest common divisor of 327 and 105185?
109
Calculate the greatest common divisor of 6085 and 145.
5
What is the greatest common factor of 3944400 and 912?
912
Calculate the highest common factor of 1744 and 65945.
109
Calculate the highest common factor of 30720 and 120.
120
Calculate the greatest common factor of 799 and 12291.
17
Calculate the highest common divisor of 346064 and 8.
8
What is the highest common divisor of 475 and 2318?
19
What is the highest common factor of 25723 and 145?
29
What is the greatest common divisor of 1460147 and 221?
221
Calculate the highest common factor of 60 and 46635.
15
Calculate the greatest common factor of 32 and 13744.
16
What is the greatest common factor of 268492 and 1376?
172
Calculate the highest common factor of 23643 and 51120.
639
What is the greatest common divisor of 6729 and 13?
1
What is the highest common divisor of 108 and 4228?
4
What is the greatest common factor of 1209 and 1142908?
403
Calculate the highest common divisor of 202 and 2762451.
101
What is the highest common divisor of 54 and 284520?
6
Calculate the greatest common divisor of 24 and 3331.
1
What is the greatest common factor of 1 and 2909?
1
What is the highest common divisor of 393167 and 19?
19
What is the highest common factor of 45153 and 18?
9
Calculate the greatest common divisor of 328 and 17507.
41
What is the highest common divisor of 4994 and 13436357?
2497
What is the greatest common divisor of 9 and 68976?
9
What is the greatest common divisor of 23486